{"id":433,"date":"2023-03-30T07:32:52","date_gmt":"2023-03-30T07:32:52","guid":{"rendered":"https:\/\/btsdc08.lnbd.lu\/?page_id=433"},"modified":"2023-03-30T08:02:52","modified_gmt":"2023-03-30T08:02:52","slug":"le-comite","status":"publish","type":"page","link":"https:\/\/btsdc08.lnbd.lu\/?page_id=433","title":{"rendered":"Le comit\u00e9"},"content":{"rendered":"\n<figure class=\"wp-block-image size-full\"><img loading=\"lazy\" decoding=\"async\" width=\"1024\" height=\"684\" src=\"https:\/\/btsdc08.lnbd.lu\/wp-content\/uploads\/2023\/03\/ComiteUelzecht2015-1024x684-1.jpeg\" alt=\"\" class=\"wp-image-293\" srcset=\"https:\/\/btsdc08.lnbd.lu\/wp-content\/uploads\/2023\/03\/ComiteUelzecht2015-1024x684-1.jpeg 1024w, https:\/\/btsdc08.lnbd.lu\/wp-content\/uploads\/2023\/03\/ComiteUelzecht2015-1024x684-1-300x200.jpeg 300w, https:\/\/btsdc08.lnbd.lu\/wp-content\/uploads\/2023\/03\/ComiteUelzecht2015-1024x684-1-768x513.jpeg 768w\" sizes=\"auto, (max-width: 709px) 85vw, (max-width: 909px) 67vw, (max-width: 1362px) 62vw, 840px\" \/><figcaption class=\"wp-element-caption\"><em>de gauche \u00e0 droite:\u00a0Sonja Bimmermann &#8211; assesseur, Fernand Becker &#8211; assesseur, Dani\u00e8le Siebenaler &#8211; assesseur, Diane Weissen &#8211; vice-pr\u00e9sidente, Charlotte Arendt &#8211; tr\u00e9sori\u00e8re, Jeff Speres &#8211;  chef de choeur, Marc Marx &#8211; secr\u00e9taire, Alvin Sold &#8211; pr\u00e9sident, Christian Englebert- assesseur, Fran\u00e7ois Mahnen<\/em> &#8211; assesseur<\/figcaption><\/figure>\n\n\n\n<p><\/p>\n","protected":false},"excerpt":{"rendered":"","protected":false},"author":1,"featured_media":0,"parent":0,"menu_order":0,"comment_status":"closed","ping_status":"closed","template":"","meta":{"_eb_attr":"","footnotes":""},"class_list":["post-433","page","type-page","status-publish","hentry"],"_links":{"self":[{"href":"https:\/\/btsdc08.lnbd.lu\/index.php?rest_route=\/wp\/v2\/pages\/433","targetHints":{"allow":["GET"]}}],"collection":[{"href":"https:\/\/btsdc08.lnbd.lu\/index.php?rest_route=\/wp\/v2\/pages"}],"about":[{"href":"https:\/\/btsdc08.lnbd.lu\/index.php?rest_route=\/wp\/v2\/types\/page"}],"author":[{"embeddable":true,"href":"https:\/\/btsdc08.lnbd.lu\/index.php?rest_route=\/wp\/v2\/users\/1"}],"replies":[{"embeddable":true,"href":"https:\/\/btsdc08.lnbd.lu\/index.php?rest_route=%2Fwp%2Fv2%2Fcomments&post=433"}],"version-history":[{"count":3,"href":"https:\/\/btsdc08.lnbd.lu\/index.php?rest_route=\/wp\/v2\/pages\/433\/revisions"}],"predecessor-version":[{"id":459,"href":"https:\/\/btsdc08.lnbd.lu\/index.php?rest_route=\/wp\/v2\/pages\/433\/revisions\/459"}],"wp:attachment":[{"href":"https:\/\/btsdc08.lnbd.lu\/index.php?rest_route=%2Fwp%2Fv2%2Fmedia&parent=433"}],"curies":[{"name":"wp","href":"https:\/\/api.w.org\/{rel}","templated":true}]}}